
What is the hundreds digit of 385663323?
3
What is the ten thousands digit of 859225620?
2
What is the hundred millions digit of 126719864?
1
What is the units digit of 14865377?
7
What is the millions digit of 55607845?
5
What is the millions digit of 751436784?
1
What is the ten thousands digit of 4716837054?
3
What is the hundreds digit of 3449259929?
9
What is the ten millions digit of 11406781?
1
What is the tens digit of 749023360?
6
What is the tens digit of 352367017?
1
What is the units digit of 205085110?
0
What is the hundred millions digit of 116892719?
1
What is the ten millions digit of 42149749?
4
What is the ten thousands digit of 521423309?
2
What is the billions digit of 2353248846?
2
What is the ten thousands digit of 87190631?
9
What is the ten thousands digit of 248728845?
2
What is the ten thousands digit of 473087148?
8
What is the units digit of 16157517?
7
What is the thousands digit of 2526695420?
5
What is the ten thousands digit of 2486272932?
7
What is the tens digit of 1566658?
5
What is the ten thousands digit of 575542114?
4
What is the millions digit of 235150595?
5
What is the thousands digit of 4682174005?
4
What is the tens digit of 53317377?
7
What is the ten thousands digit of 535632708?
3
What is the units digit of 20714251?
1
What is the hundred thousands digit of 845734327?
7
What is the ten thousands digit of 169605337?
0
What is the ten millions digit of 60076995?
6
What is the ten thousands digit of 1576692837?
9
What is the hundred thousands digit of 53175482?
1
What is the hundreds digit of 10013897?
8
What is the millions digit of 3056166?
3
What is the hundreds digit of 5404372055?
0
What is the hundred thousands digit of 45086215?
0
What is the billions digit of 4900439279?
4
What is the hundred millions digit of 233688898?
2
What is the units digit of 233239345?
5
What is the hundreds digit of 25012558?
5
What is the thousands digit of 5136370767?
0
What is the hundred thousands digit of 154087713?
0
What is the tens digit of 582194570?
7
What is the ten thousands digit of 423360005?
6
What is the hundred thousands digit of 2299796980?
7
What is the thousands digit of 2971888829?
8
What is the hundred thousands digit of 40129808?
1
What is the tens digit of 45514460?
6
What is the hundreds digit of 2384775333?
3
What is the units digit of 506103913?
3
What is the ten thousands digit of 766401916?
0
What is the ten thousands digit of 79689946?
8
What is the hundred thousands digit of 23271935?
2
What is the hundred thousands digit of 77653349?
6
What is the units digit of 84814738?
8
What is the ten millions digit of 56043610?
5
What is the hundred thousands digit of 99806580?
8
What is the ten millions digit of 88828536?
8
What is the tens digit of 2032994708?
0
What is the hundreds digit of 15227242?
2
What is the millions digit of 40323546?
0
What is the units digit of 85430066?
6
What is the units digit of 136289448?
8
What is the hundred millions digit of 1410841901?
4
What is the millions digit of 363626404?
3
What is the millions digit of 9444649?
9
What is the ten thousands digit of 37466475?
6
What is the ten thousands digit of 86282839?
8
What is the tens digit of 450236797?
9
What is the ten millions digit of 49117985?
4
What is the hundreds digit of 2105309481?
4
What is the units digit of 146460178?
8
What is the thousands digit of 379396590?
6
What is the tens digit of 741733683?
8
What is the units digit of 618608621?
1
What is the tens digit of 3567871980?
8
What is the units digit of 690955336?
6
What is the thousands digit of 323146127?
6
What is the millions digit of 60724997?
0
What is the hundred thousands digit of 428277106?
2
What is the millions digit of 3811224186?
1
What is the hundred thousands digit of 330318722?
3
What is the hundreds digit of 1013789767?
7
What is the ten millions digit of 195012740?
9
What is the tens digit of 108295445?
4
What is the ten thousands digit of 6593610?
9
What is the millions digit of 40375157?
0
What is the millions digit of 49892052?
9
What is the ten thousands digit of 1418465164?
6
What is the ten millions digit of 157726810?
5
What is the thousands digit of 32275358?
5
What is the tens digit of 2214346565?
6
What is the hundreds digit of 8390667?
6
What is the millions digit of 600001140?
0
What is the hundreds digit of 9540680825?
8
What is the ten thousands digit of 79777806?
7
What is the ten millions digit of 79597169?
7
What is the ten thousands digit of 1331099203?
9
What is the thousands digit of 18080604?
0
What is the units digit of 3732775241?
1
What is the hundred thousands digit of 17718033?
7
What is the ten millions digit of 159848278?
5
What is the billions digit of 1101630243?
1
What is the hundred thousands digit of 145397076?
3
What is the ten thousands digit of 2369578169?
7
What is the ten millions digit of 484207922?
8
What is the ten thousands digit of 521967435?
6
What is the billions digit of 2174668722?
2
What is the hundred millions digit of 117032813?
1
What is the hundred millions digit of 394089878?
3
What is the tens digit of 138839749?
4
What is the tens digit of 5078343?
4
What is the units digit of 684550487?
7
What is the thousands digit of 49267886?
7
What is the ten millions digit of 878195514?
7
What is the units digit of 50062498?
8
What is the ten thousands digit of 775888138?
8
What is the hundreds digit of 2929691856?
8
What is the units digit of 69418720?
0
What is the thousands digit of 8980042380?
2
What is the units digit of 19944371?
1
What is the hundred thousands digit of 58931467?
9
What is the hundreds digit of 7949706?
7
What is the thousands digit of 5611803137?
3
What is the ten thousands digit of 933455873?
5
What is the millions digit of 31448462?
1
What is the hundreds digit of 50677120?
1
What is the hundred millions digit of 2910810251?
9
What is the units digit of 270286992?
2
What is the tens digit of 345475052?
5
What is the ten thousands digit of 4270112498?
1
What is the ten millions digit of 201117580?
0
What is the thousands digit of 3970249?
0
What is the millions digit of 1585610733?
5
What is the units digit of 62130161?
1
What is the ten thousands digit of 361688305?
8
What is the hundreds digit of 127055400?
4
What is the hundreds digit of 751617654?
6
What is the units digit of 23094158?
8
What is the ten millions digit of 328972797?
2
What is the millions digit of 20981661?
0
What is the units digit of 29394468?
8
What is the hundreds digit of 13464431?
4
What is the hundred millions digit of 265796480?
2
What is the millions digit of 33431771?
3
What is the units digit of 71117006?
6
What is the ten thousands digit of 89150601?
5
What is the thousands digit of 6451064586?
4
What is the thousands digit of 1208724033?
4
What is the ten thousands digit of 34125347?
2
What is the hundred millions digit of 312350490?
3
What is the hundred thousands digit of 19876198?
8
What is the thousands digit of 212429430?
9
What is the hundred thousands digit of 3663070757?
0
What is the tens digit of 55942748?
4
What is the hundred thousands digit of 332938675?
9
What is the millions digit of 39252852?
9
What is the units digit of 892076883?
3
What is the tens digit of 242147773?
7
What is the ten millions digit of 3835577022?
3
What is the units digit of 6658171?
1
What is the tens digit of 3197870492?
9
What is the hundred millions digit of 1440006945?
4
What is the thousands digit of 36787773?
7
What is the units digit of 110870974?
4
What is the tens digit of 95199901?
0
What is the hundreds digit of 1137334879?
8
What is the millions digit of 221873680?
1
What is the units digit of 107263495?
5
What is the millions digit of 43184308?
3
What is the hundred thousands digit of 2480285574?
2
What is the millions digit of 5946312?
5
What is the ten thousands digit of 56261637?
6
What is the ten thousands digit of 629606020?
0
What is the ten millions digit of 126798140?
2
What is the ten millions digit of 129321246?
2
What is the ten millions digit of 14041740?
1
What is the tens digit of 329467132?
3
What is the hundreds digit of 620443237?
2
What is the hundreds digit of 61613614?
6
What is the millions digit of 336526439?
6
What is the millions digit of 59358856?
9
